{"id":1283,"date":"2021-11-16T20:39:17","date_gmt":"2021-11-16T19:39:17","guid":{"rendered":"https:\/\/scot.capexcellence.net\/?page_id=1283"},"modified":"2021-11-16T21:22:46","modified_gmt":"2021-11-16T20:22:46","slug":"lepas","status":"publish","type":"page","link":"https:\/\/scot.capexcellence.net\/index.php\/lepas\/","title":{"rendered":"PAS"},"content":{"rendered":"\t\t<div data-elementor-type=\"wp-page\" data-elementor-id=\"1283\" class=\"elementor elementor-1283\" data-elementor-settings=\"[]\">\n\t\t\t\t\t\t\t<div class=\"elementor-section-wrap\">\n\t\t\t\t\t\t\t<section class=\"elementor-section elementor-top-section elementor-element elementor-element-2a222be elementor-section-boxed elementor-section-height-default elementor-section-height-default\" data-id=\"2a222be\" data-element_type=\"section\">\n\t\t\t\t\t\t<div class=\"elementor-container elementor-column-gap-default\">\n\t\t\t\t\t<div class=\"elementor-column elementor-col-100 elementor-top-column elementor-element elementor-element-92ae55e\" data-id=\"92ae55e\" data-element_type=\"column\">\n\t\t\t<div class=\"elementor-widget-wrap elementor-element-populated\">\n\t\t\t\t\t\t\t\t<div class=\"elementor-element elementor-element-6e83296 elementor-widget elementor-widget-raven-tabs\" data-id=\"6e83296\" data-element_type=\"widget\" data-widget_type=\"raven-tabs.default\">\n\t\t\t\t<div class=\"elementor-widget-container\">\n\t\t\t\t\t<div class=\"raven-widget-wrapper\">\n\t\t\t<div class=\"raven-tabs raven-tabs-horizontal\">\n\t\t\t\t<div class=\"raven-tabs-list\" role=\"tablist\">\n\t\t\t\t\t\t\t\t\t\t\t<div id=\"raven-tabs-title-1151\" class=\"raven-tabs-title raven-tabs-desktop-title raven-tabs-active raven-tabs-has-icon\" role=\"tab\" aria-controls=\"raven-tabs-content-1151\" tabindex=\"-1\" data-tab=\"1\">\n\t\t\t\t\t\t\t\t\t\t<span class=\"raven-tabs-title-icon\">\n\t\t\t\t\t\t\t<\/span>\n\t\t\t\t\t\t\t\t\t\t<span class=\"raven-tabs-title-text\">Cycle de webinaire avec les \u00e9lus d\u00e9finition du PAS<\/span>\n\t\t\t\t\t\t<\/div>\n\t\t\t\t\t\t\t\t\t<\/div>\n\t\t\t\t<div class=\"raven-tabs-content-wrapper\">\n\t\t\t\t\t\t\t\t\t<div class=\"raven-tabs-title raven-tabs-mobile-title raven-tabs-active raven-tabs-has-icon\" role=\"tab\" tabindex=\"-1\" data-tab=\"1\">\n\t\t\t\t\t\t\t<span class=\"raven-tabs-title-icon\">\n\t\t\t\t\t\t\t<\/span>\n\t\t\t\t\t\t\t<span class=\"raven-tabs-title-text\">Cycle de webinaire avec les \u00e9lus d\u00e9finition du PAS<\/span>\n\t\t\t<\/div>\n\t\t\t<div id=\"raven-tabs-content-1151\" class=\"raven-tabs-content elementor-clearfix raven-tabs-active\" role=\"tabpanel\" aria-labelledby=\"raven-tabs-title-1151\" data-tab=\"1\"><p><a href=\"https:\/\/scot.capexcellence.net\/wp-content\/uploads\/2021\/03\/02-Historicite-des-territoires-de-Cap-Excellene-2.pdf\">100321-S\u00e9mainaire Am\u00e9nagement littoral et maritime 02 &#8211; Historicit\u00e9 des territoires de Cap Excellence<\/a><\/p><p><a href=\"https:\/\/scot.capexcellence.net\/wp-content\/uploads\/2021\/03\/04-objectifs-et-methodo-PDT-et-SCOT.pdf\">170321_DVTECO_WEBINAIRE04 &#8211; objectifs et m\u00e9thodo PDT et SCOT<\/a><\/p><p><a href=\"https:\/\/scot.capexcellence.net\/wp-content\/uploads\/2021\/03\/190221_HABITAT_WEBINAIRE-1.pdf\">190221_HABITAT_WEBINAIRE<\/a><\/p><p><a href=\"https:\/\/scot.capexcellence.net\/wp-content\/uploads\/2021\/03\/240321_COHESION-IDENTITE-VALEURS-1-1.pdf\">240321_COH\u00c9SION IDENTIT\u00c9 VALEURS<\/a><\/p><p><a href=\"https:\/\/scot.capexcellence.net\/wp-content\/uploads\/2021\/03\/20210128_-Climat-et-Biodiversite_webinaire-VF-1.pdf\">20210128_ Climat et Biodiversit\u00e9_webinaire VF<\/a><\/p><p><a href=\"https:\/\/scot.capexcellence.net\/wp-content\/uploads\/2021\/03\/20210209_-Energie_Air_Mobilite_webinaire-1.pdf\">20210209_ Energie_Air_Mobilit\u00e9_webinaire<\/a><\/p><\/div>\n\t\t\t\t\t\t\t<\/div>\n\t\t\t<\/div>\n\t\t<\/div>\n\t\t\t\t<\/div>\n\t\t\t\t<\/div>\n\t\t\t\t\t<\/div>\n\t\t<\/div>\n\t\t\t\t\t\t\t<\/div>\n\t\t<\/section>\n\t\t\t\t\t\t<\/div>\n\t\t\t\t\t<\/div>\n\t\t","protected":false},"excerpt":{"rendered":"<p>Cycle de webinaire avec les \u00e9lus d\u00e9finition du PAS Cycle de webinaire avec les \u00e9lus d\u00e9finition du PAS 100321-S\u00e9mainaire Am\u00e9nagement littoral et maritime 02 &#8211; Historicit\u00e9 des territoires de Cap Excellence 170321_DVTECO_WEBINAIRE04 &#8211; objectifs et m\u00e9thodo PDT et SCOT 190221_HABITAT_WEBINAIRE 240321_COH\u00c9SION IDENTIT\u00c9 VALEURS 20210128_ Climat et Biodiversit\u00e9_webinaire VF 20210209_ Energie_Air_Mobilit\u00e9_webinaire<\/p>\n","protected":false},"author":3,"featured_media":0,"parent":0,"menu_order":0,"comment_status":"closed","ping_status":"closed","template":"","meta":{"footnotes":""},"class_list":["post-1283","page","type-page","status-publish","hentry"],"_links":{"self":[{"href":"https:\/\/scot.capexcellence.net\/index.php\/wp-json\/wp\/v2\/pages\/1283","targetHints":{"allow":["GET"]}}],"collection":[{"href":"https:\/\/scot.capexcellence.net\/index.php\/wp-json\/wp\/v2\/pages"}],"about":[{"href":"https:\/\/scot.capexcellence.net\/index.php\/wp-json\/wp\/v2\/types\/page"}],"author":[{"embeddable":true,"href":"https:\/\/scot.capexcellence.net\/index.php\/wp-json\/wp\/v2\/users\/3"}],"replies":[{"embeddable":true,"href":"https:\/\/scot.capexcellence.net\/index.php\/wp-json\/wp\/v2\/comments?post=1283"}],"version-history":[{"count":10,"href":"https:\/\/scot.capexcellence.net\/index.php\/wp-json\/wp\/v2\/pages\/1283\/revisions"}],"predecessor-version":[{"id":1306,"href":"https:\/\/scot.capexcellence.net\/index.php\/wp-json\/wp\/v2\/pages\/1283\/revisions\/1306"}],"wp:attachment":[{"href":"https:\/\/scot.capexcellence.net\/index.php\/wp-json\/wp\/v2\/media?parent=1283"}],"curies":[{"name":"wp","href":"https:\/\/api.w.org\/{rel}","templated":true}]}}