{"id":1240,"date":"2021-11-16T20:09:22","date_gmt":"2021-11-16T19:09:22","guid":{"rendered":"https:\/\/scot.capexcellence.net\/?page_id=1240"},"modified":"2021-11-16T20:36:16","modified_gmt":"2021-11-16T19:36:16","slug":"concertations","status":"publish","type":"page","link":"https:\/\/scot.capexcellence.net\/index.php\/concertations\/","title":{"rendered":"Concertations"},"content":{"rendered":"\t\t<div data-elementor-type=\"wp-page\" data-elementor-id=\"1240\" class=\"elementor elementor-1240\" data-elementor-settings=\"[]\">\n\t\t\t\t\t\t\t<div class=\"elementor-section-wrap\">\n\t\t\t\t\t\t\t<section class=\"elementor-section elementor-top-section elementor-element elementor-element-2a222be elementor-section-boxed elementor-section-height-default elementor-section-height-default\" data-id=\"2a222be\" data-element_type=\"section\">\n\t\t\t\t\t\t<div class=\"elementor-container elementor-column-gap-default\">\n\t\t\t\t\t<div class=\"elementor-column elementor-col-100 elementor-top-column elementor-element elementor-element-92ae55e\" data-id=\"92ae55e\" data-element_type=\"column\">\n\t\t\t<div class=\"elementor-widget-wrap elementor-element-populated\">\n\t\t\t\t\t\t\t\t<div class=\"elementor-element elementor-element-6e83296 elementor-widget elementor-widget-raven-tabs\" data-id=\"6e83296\" data-element_type=\"widget\" data-widget_type=\"raven-tabs.default\">\n\t\t\t\t<div class=\"elementor-widget-container\">\n\t\t\t\t\t<div class=\"raven-widget-wrapper\">\n\t\t\t<div class=\"raven-tabs raven-tabs-horizontal\">\n\t\t\t\t<div class=\"raven-tabs-list\" role=\"tablist\">\n\t\t\t\t\t\t\t\t\t\t\t<div id=\"raven-tabs-title-1151\" class=\"raven-tabs-title raven-tabs-desktop-title raven-tabs-active raven-tabs-has-icon\" role=\"tab\" aria-controls=\"raven-tabs-content-1151\" tabindex=\"-1\" data-tab=\"1\">\n\t\t\t\t\t\t\t\t\t\t<span class=\"raven-tabs-title-icon\">\n\t\t\t\t\t\t\t<\/span>\n\t\t\t\t\t\t\t\t\t\t<span class=\"raven-tabs-title-text\">01 S\u00e9minaire CAP2030<\/span>\n\t\t\t\t\t\t<\/div>\n\t\t\t\t\t\t\t\t\t\t\t<div id=\"raven-tabs-title-1152\" class=\"raven-tabs-title raven-tabs-desktop-title raven-tabs-has-icon\" role=\"tab\" aria-controls=\"raven-tabs-content-1152\" tabindex=\"-1\" data-tab=\"2\">\n\t\t\t\t\t\t\t\t\t\t<span class=\"raven-tabs-title-icon\">\n\t\t\t\t\t\t\t<\/span>\n\t\t\t\t\t\t\t\t\t\t<span class=\"raven-tabs-title-text\">02. Concertation diagnostic du territoire<\/span>\n\t\t\t\t\t\t<\/div>\n\t\t\t\t\t\t\t\t\t\t\t<div id=\"raven-tabs-title-1153\" class=\"raven-tabs-title raven-tabs-desktop-title raven-tabs-has-icon\" role=\"tab\" aria-controls=\"raven-tabs-content-1153\" tabindex=\"-1\" data-tab=\"3\">\n\t\t\t\t\t\t\t\t\t\t<span class=\"raven-tabs-title-icon\">\n\t\t\t\t\t\t\t<\/span>\n\t\t\t\t\t\t\t\t\t\t<span class=\"raven-tabs-title-text\">03. Projet d'am\u00e9nagment strat\u00e9gique<\/span>\n\t\t\t\t\t\t<\/div>\n\t\t\t\t\t\t\t\t\t<\/div>\n\t\t\t\t<div class=\"raven-tabs-content-wrapper\">\n\t\t\t\t\t\t\t\t\t<div class=\"raven-tabs-title raven-tabs-mobile-title raven-tabs-active raven-tabs-has-icon\" role=\"tab\" tabindex=\"-1\" data-tab=\"1\">\n\t\t\t\t\t\t\t<span class=\"raven-tabs-title-icon\">\n\t\t\t\t\t\t\t<\/span>\n\t\t\t\t\t\t\t<span class=\"raven-tabs-title-text\">01 S\u00e9minaire CAP2030<\/span>\n\t\t\t<\/div>\n\t\t\t<div id=\"raven-tabs-content-1151\" class=\"raven-tabs-content elementor-clearfix raven-tabs-active\" role=\"tabpanel\" aria-labelledby=\"raven-tabs-title-1151\" data-tab=\"1\"><p><a href=\"https:\/\/scot.capexcellence.net\/wp-content\/uploads\/2021\/03\/02-Historicite-des-territoires-de-Cap-Excellene-2.pdf\">02 &#8211; Historicit\u00e9 des territoires de Cap Excellence<\/a><\/p><p><a href=\"https:\/\/scot.capexcellence.net\/wp-content\/uploads\/2021\/03\/04-objectifs-et-methodo-PDT-et-SCOT.pdf\">04 &#8211; objectifs et m\u00e9thodo PDT et SCOT<\/a><\/p><p><a href=\"https:\/\/scot.capexcellence.net\/wp-content\/uploads\/2021\/03\/06-Quizz-diag-1.pdf\">06 &#8211; Quizz diag<\/a><\/p><p><a href=\"https:\/\/scot.capexcellence.net\/wp-content\/uploads\/2021\/03\/07-CapExc_Semeinaire_SDAU_CAUE_301018_V1-1.pdf\">07 &#8211; CapExc_S\u00e9m\u00e9inaire_SDAU_CAUE_301018_V1 programme\u00a0 \u00a03volets Cap2030 18-1 (1)<\/a><\/p><\/div>\n\t\t\t\t\t\t<div class=\"raven-tabs-title raven-tabs-mobile-title raven-tabs-has-icon\" role=\"tab\" tabindex=\"-1\" data-tab=\"2\">\n\t\t\t\t\t\t\t<span class=\"raven-tabs-title-icon\">\n\t\t\t\t\t\t\t<\/span>\n\t\t\t\t\t\t\t<span class=\"raven-tabs-title-text\">02. Concertation diagnostic du territoire<\/span>\n\t\t\t<\/div>\n\t\t\t<div id=\"raven-tabs-content-1152\" class=\"raven-tabs-content elementor-clearfix\" role=\"tabpanel\" aria-labelledby=\"raven-tabs-title-1152\" data-tab=\"2\"><p><a href=\"https:\/\/scot.capexcellence.net\/wp-content\/uploads\/2021\/03\/BILAN-DE-CONCERTATION_Synthese-1.pdf\">BILAN DE CONCERTATION_Synth\u00e8se<\/a><\/p><p><a href=\"https:\/\/scot.capexcellence.net\/wp-content\/uploads\/2021\/03\/Presentation-Reunion-Concertation-PdT-et-SCOT-du-20.02.2019-1.pdf\">Presentation R\u00e9union Concertation PdT et SCOT du 12.12.2018<\/a><\/p><p><a href=\"https:\/\/scot.capexcellence.net\/wp-content\/uploads\/2021\/03\/Presentation-Reunion-Concertation-PdT-et-SCOT-du-19.12.2018-V2-1.pdf\">Presentation R\u00e9union Concertation PdT et SCOT du 19.12.2018 V2<\/a><\/p><p><a href=\"https:\/\/scot.capexcellence.net\/wp-content\/uploads\/2021\/03\/Presentation-Reunion-Concertation-PdT-et-SCOT-du-20.02.2019-1.pdf\">Presentation R\u00e9union Concertation PdT et SCOT du 20.02.2019<\/a><\/p><p><a href=\"https:\/\/scot.capexcellence.net\/wp-content\/uploads\/2021\/03\/Support_Presentation_V4-1.pdf\">Support_Presentation_V4<\/a><\/p><\/div>\n\t\t\t\t\t\t<div class=\"raven-tabs-title raven-tabs-mobile-title raven-tabs-has-icon\" role=\"tab\" tabindex=\"-1\" data-tab=\"3\">\n\t\t\t\t\t\t\t<span class=\"raven-tabs-title-icon\">\n\t\t\t\t\t\t\t<\/span>\n\t\t\t\t\t\t\t<span class=\"raven-tabs-title-text\">03. Projet d'am\u00e9nagment strat\u00e9gique<\/span>\n\t\t\t<\/div>\n\t\t\t<div id=\"raven-tabs-content-1153\" class=\"raven-tabs-content elementor-clearfix\" role=\"tabpanel\" aria-labelledby=\"raven-tabs-title-1153\" data-tab=\"3\"><p>Contenu \u00e0 venir<\/p><\/div>\n\t\t\t\t\t\t\t<\/div>\n\t\t\t<\/div>\n\t\t<\/div>\n\t\t\t\t<\/div>\n\t\t\t\t<\/div>\n\t\t\t\t\t<\/div>\n\t\t<\/div>\n\t\t\t\t\t\t\t<\/div>\n\t\t<\/section>\n\t\t\t\t\t\t<\/div>\n\t\t\t\t\t<\/div>\n\t\t","protected":false},"excerpt":{"rendered":"<p>01 S\u00e9minaire CAP2030 02. Concertation diagnostic du territoire 03. Projet d&rsquo;am\u00e9nagment strat\u00e9gique 01 S\u00e9minaire CAP2030 02 &#8211; Historicit\u00e9 des territoires de Cap Excellence 04 &#8211; objectifs et m\u00e9thodo PDT et SCOT 06 &#8211; Quizz diag 07 &#8211; CapExc_S\u00e9m\u00e9inaire_SDAU_CAUE_301018_V1 programme\u00a0 \u00a03volets Cap2030 18-1 (1) 02. Concertation diagnostic du territoire BILAN DE CONCERTATION_Synth\u00e8se Presentation R\u00e9union Concertation PdT [&hellip;]<\/p>\n","protected":false},"author":3,"featured_media":0,"parent":0,"menu_order":0,"comment_status":"closed","ping_status":"closed","template":"","meta":{"footnotes":""},"class_list":["post-1240","page","type-page","status-publish","hentry"],"_links":{"self":[{"href":"https:\/\/scot.capexcellence.net\/index.php\/wp-json\/wp\/v2\/pages\/1240","targetHints":{"allow":["GET"]}}],"collection":[{"href":"https:\/\/scot.capexcellence.net\/index.php\/wp-json\/wp\/v2\/pages"}],"about":[{"href":"https:\/\/scot.capexcellence.net\/index.php\/wp-json\/wp\/v2\/types\/page"}],"author":[{"embeddable":true,"href":"https:\/\/scot.capexcellence.net\/index.php\/wp-json\/wp\/v2\/users\/3"}],"replies":[{"embeddable":true,"href":"https:\/\/scot.capexcellence.net\/index.php\/wp-json\/wp\/v2\/comments?post=1240"}],"version-history":[{"count":30,"href":"https:\/\/scot.capexcellence.net\/index.php\/wp-json\/wp\/v2\/pages\/1240\/revisions"}],"predecessor-version":[{"id":1279,"href":"https:\/\/scot.capexcellence.net\/index.php\/wp-json\/wp\/v2\/pages\/1240\/revisions\/1279"}],"wp:attachment":[{"href":"https:\/\/scot.capexcellence.net\/index.php\/wp-json\/wp\/v2\/media?parent=1240"}],"curies":[{"name":"wp","href":"https:\/\/api.w.org\/{rel}","templated":true}]}}